342. Let r = j - 428. What is the tens digit of r?
4
Let l = 56459 + -40183. What is the ten thousands digit of l?
1
Let d(o) = 32*o + 214. Let z be d(-23). Let f = 769 + z. What is the hundreds digit of f?
2
Suppose 1257*r + 2238 = 1260*r. What is the tens digit of r?
4
Let a = 673 + -669. Suppose -6*t + 2*t = 3*g + 40, -2*g = -5*t - 50. What is the units digit of a/(8/123) - (-15)/t?
0
Let b = 55 - -149. Suppose 0 = -3*x + 3*t + b, -4*x + 2*t = -3*t - 272. What is the tens digit of x?
6
What is the tens digit of (-11168200)/(-266) + -1*(-6)/21?
8
Let l(n) = -35*n**2 - 6*n + 26843. What is the thousands digit of l(0)?
6
Let u be (1/2)/((-10)/(-40)). Suppose -2*k = 2*i - 14, 0 = -4*i + 4*k - 2 - u. Suppose 432 = -i*v + 7*v. What is the tens digit of v?
0
Let i = -5133 + 9880. What is the tens digit of i?
4
Let f = 21456 - 4631. What is the units digit of f?
5
Suppose -42 = -w + 4*w. Let j(t) = t**2 + 13*t + 34. Let m be j(w). Suppose -95 - m = -i. What is the units digit of i?
3
Suppose 3*s - 8 = -14. Let q be 20*s/(-4) - 4. What is the tens digit of 390/q*(-2 + 0 - -4)?
3
Suppose -25109 = -2*n + 5*r, -4*n = -9*r + 14*r - 50233. What is the units digit of n?
7
Suppose 0 = -680*g + 308*g + 311*g + 874191. What is the tens digit of g?
3
Let u(d) = -d**3 + 22*d**2 + 2606*d - 103. What is the units digit of u(-46)?
9
Let c(g) = -74*g + 2. Let w be c(1). Let l = w + 71. What is the tens digit of (3/(-2))/(l*3/68)?
3
Suppose 0 = -213*r + 526491 + 238357 + 551918. What is the tens digit of r?
8
Let t be 6226/10 + -11 + 260/25. Let j = 248 - 665. Let w = j + t. What is the units digit of w?
5
Let o = -16523 - -41873. What is the hundreds digit of o?
3
Let d = -2691 - -12455. What is the units digit of d?
4
Let m(u) = 125*u + 78. Let r be m(18). Suppose 135*d - 139*d = -r. What is the units digit of d?
2
Let q(l) = -l + 8. Let s be q(-5). Suppose 2*i + s = 21. Suppose -5*p - g = -216, 2*p + i*g - 17 = 73. What is the tens digit of p?
4
Let b(k) = -6*k - 28. Let h be b(-5). Suppose -26 = -h*f - 6. Suppose 291 = -7*p + f*p. What is the tens digit of p?
9
Suppose 5*v - 20942 = -2*w, 5*w - 20945 = -2*v - 3*v. Suppose -o + 2*i + 3*i + 832 = 0, v = 5*o + 3*i. What is the hundreds digit of o?
8
Let t = 265 - -1257. Suppose q - 5*j - 368 = 0, -5*j = -5*q + 9*q - t. What is the tens digit of q?
7
Let r = -27 - -30. Suppose 2*l - 2286 = l + 4*g, -4587 = -2*l + r*g. What is the tens digit of l/24 - (-3)/(-4)?
9
Let n = 103 - 103. Suppose -18*f + 7*f + 6446 = n. Suppose 458 + 1007 = 5*k - 3*m, -f = -2*k - 2*m. What is the hundreds digit of k?
2
Let a(b) = -b + 11. Let h be a(11). Suppose h = -3*s - 6, 2*s = -3*i - 0*s - 124. Let j = i + 51. What is the units digit of j?
1
Let v(p) = 68*p**2 - p + 9. Let q be v(-8). Suppose -5*g + q = 1609. What is the tens digit of g?
5
Let s(q) be the second derivative of 53*q**4/12 + q**3 + 8*q**2 + 73*q - 1. What is the hundreds digit of s(-4)?
8
Suppose -13*n + 11*n + 5264 = 0. Suppose n = 7*w + w. What is the tens digit of w?
2
What is the units digit of 6/(-26) - 5472864/(-312)?
1
Let w(z) = -2*z**2 + 4*z - 4. Let b be w(1). Let t be b/(-6) + (-32)/24. What is the units digit of 1 - ((t - 0) + -111)?
3
Let x(s) = 35*s - 1. Let y(p) = -10*p - 12*p - 12*p. Let n(m) = 2*x(m) + 3*y(m). What is the units digit of n(-2)?
2
Let p be -1 + (2 + -3)/((-1)/189). Let w be (-2230)/(-7) - 9/(-21). Let d = w - p. What is the hundreds digit of d?
1
Let t(n) = -112*n - 12 - 82*n + 41*n. What is the hundreds digit of t(-1)?
1
Let b(k) = -k**3 + 12*k**2 - 9. Let h be b(12). Let o be -56*1/h - 34/153. Suppose -o*q + 1830 = 9*q. What is the hundreds digit of q?
1
Suppose 4*x - 409 = -2*z + 21, 0 = 3*z + 4*x - 647. Let l = z + 114. What is the units digit of l?
1
Let r(z) = -731*z + 19. Suppose 52*o - 44*o = -8. What is the hundreds digit of r(o)?
7
Let q(h) = 3*h - 13. Let a be q(6). Suppose s = a - 1. Let m(w) = 11*w**2 - 5*w + 10. What is the units digit of m(s)?
6
Let b(k) = 8*k + 120. What is the hundreds digit of b(15)?
2
Let p be -7 + 1 - (0 + -67). Let c = p + -28. What is the units digit of c?
3
Let a(l) = -2*l - 10. Let h be a(-5). Suppose h = -9*p + 3704 + 886. Suppose 4*q + 1386 - p = 4*j, 0 = 2*j - 3*q - 435. What is the units digit of j?
2
Let y be (-60)/(2 - (-50)/(-24)). Let j(s) = s**2 + 47*s - 310. Let a be j(6). Suppose p - y = -a*p. What is the tens digit of p?
8
Let r be 464 - -9*16/24. Suppose -5*s + 9*s - 1866 = 2*k, s - 4*k = r. What is the units digit of s?
6
Let g be (10/1)/(((-36)/(-100))/9). Let y = 184 + g. What is the hundreds digit of y?
4
Let u(k) = -k**3 + 2*k - 21. Let q be u(0). Let p = q - -22. What is the tens digit of -2*1 + (p - -27)?
2
Let o be (18/(-5))/(171/30 - 6). Let l be (-2274)/(-36) - (-1 + 14/o). Let c = 64 - l. What is the units digit of c?
1
Suppose 2*q - 11 = -z, -5*q + 2*z = -2*z + 5. Suppose -q*k = 4*g - 3849, 0*k = 4*g + 2*k - 3854. What is the tens digit of g?
6
Let y = 6440 - 6196. What is the units digit of y?
4
Let a = 190 - 180. What is the units digit of 56/a - 10/(-25)?
6
Let a = -52 + 244. Let w(g) = g**3 - 8*g**2 - 60*g + 23. Let v be w(13). Let y = a - v. What is the hundreds digit of y?
1
Suppose 37*q - 2*p + 110110 = 41*q, -3*q - 3*p + 82578 = 0. What is the tens digit of q?
2
Let b(f) = -2*f**3 + 23*f**2 + 54*f + 768. What is the hundreds digit of b(-15)?
8
Suppose -245*f + 254*f = 2961. What is the tens digit of f?
2
Let b be (-2)/(10/20 + (-3)/2). Suppose -4*v - 3*f - 12 + 41 = 0, b*v = 4*f + 42. Suppose 764 = -v*s + 15*s. What is the hundreds digit of s?
1
Let u(g) = -g**3 + 14*g**2 + 24*g + 17. Let h be u(14). Suppose 3*y - t - 361 = 0, 4*t + h = 3*y - 2. What is the units digit of y?
1
Suppose -8*l = -363 - 5. Let z be ((-15)/6 - -1)/((-1)/l). Let k = z + 19. What is the tens digit of k?
8
Suppose 5*j = 2*r - 7*r + 70, -58 = -5*r + j. Suppose -44*c - 4*t - 28 = -47*c, 2*c - 2*t = 16. What is the tens digit of ((-762)/r)/((-2)/c)?
2
Suppose 3*p - 765 = -6*p. Let j be (-4 - p/(-25))/(3/(-15)). Suppose 4*r + 20 = 0, -5*m - r + 600 = j*r. What is the units digit of m?
4
Suppose d - 11 = 4*y - 3, -5*d + 8 = -4*y. Let n(c) = -10*c + 257. Let h be n(25). What is the tens digit of 44 + -3 + h + y?
4
Let w(z) = 22*z**3 - 15*z**2 - 31*z + 292. What is the ten thousands digit of w(13)?
4
Let n(s) = 2*s**3 + 17*s**2 + 11*s - 20. Let g be n(-9). Let c = 60 - g. What is the tens digit of c?
6
Let y = -3620 - -11249. What is the units digit of y?
9
Let r = -18 - -13. Suppose 9*s = -97 - 218. What is the tens digit of 2852/28 + r/s?
0
Suppose 8*v - 27*v = 19. What is the units digit of (6/(-6))/(v/15)?
5
Let f(u) = -979*u + 333. What is the hundreds digit of f(-17)?
9
Suppose -40*v = -37*v + 48. Let k = 28 + v. Let o(l) = 4*l + 29. What is the units digit of o(k)?
7
Let q be (-3)/(-36)*196 - 15/(-9). Suppose 0 = 2*k - 4*b - 1520, 23*k - 3*b - 3807 = q*k. What is the units digit of k?
2
Let q = 163 + -145. What is the units digit of 3/(q/1950) + 5?
0
Let d(r) = 81*r + 411. What is the hundreds digit of d(38)?
4
Let f = 163 + -12. Suppose 158*v = f*v + 1029. What is the units digit of v?
7
Let w(j) = -4*j**3 - 3*j**2 + 2*j + 2. Let u(q) = -q + 8. Let k be u(5). Suppose x = -k*x + 16, v - 14 = -4*x. What is the tens digit of w(v)?
1
Suppose t - 59630 - 19500 = -9*t. What is the hundreds digit of t?
9
What is the hundreds digit of 6/16*-692*(816/(-9))/2?
7
Suppose 14*k = -2*o + 12*k + 35554, -2*o + 35557 = k. What is the tens digit of o?
8
Let a(o) = 6*o**3 + 2*o**2 + o + 1. Let c(z) = 8*z + 42. Let p be c(-5). Suppose -p*j + 15 - 11 = 0. What is the units digit of a(j)?
9
Suppose -4*b - 4*k + 88668 = 0, 2*k = 5*b - 84618 - 26168. What is the ten thousands digit of b?
2
Suppose 11*j + w + 10 = 8*j, 0 = -2*j - 5*w - 11. What is the units digit of (-1 - (j + 3))/1*-37?
7
Let k = -3 - -3. Let q(r) = 18*r - 50. Let x be q(3). Suppose 464 = x*z - k*z. What is the units digit of z?
6
Suppose -10*o = -6*o - 16. Suppose -o*f + 66 = -230. What is the tens digit of f?
7
Let x(w) = -w - 13 - 27 - 9*w - 4*w - w + 82*w**2. What is the tens digit of x(-4)?
3
Suppose -55*i = 57*i - 508928. What is the thousands digit of i?
4
Suppose 3*y - 4*g = 219712, -5*g = -4*y + 301964 - 9015. What is the tens digit 